{"id":11472,"date":"2025-12-18T20:51:33","date_gmt":"2025-12-18T19:51:33","guid":{"rendered":"https:\/\/www.zssgorkabusko.pl\/?page_id=11472"},"modified":"2026-01-22T08:39:25","modified_gmt":"2026-01-22T07:39:25","slug":"programy-unijne","status":"publish","type":"page","link":"https:\/\/www.zssgorkabusko.pl\/index.php\/programy-unijne\/","title":{"rendered":"PROGRAMY UNIJNE"},"content":{"rendered":"\n<figure class=\"wp-block-image size-full is-resized\"><img loading=\"lazy\" decoding=\"async\" width=\"545\" height=\"82\" src=\"https:\/\/www.zssgorkabusko.pl\/wp-content\/uploads\/2025\/12\/image1756214311069.png\" alt=\"\" class=\"wp-image-11473\" style=\"width:720px;height:auto\" srcset=\"https:\/\/www.zssgorkabusko.pl\/wp-content\/uploads\/2025\/12\/image1756214311069.png 545w, https:\/\/www.zssgorkabusko.pl\/wp-content\/uploads\/2025\/12\/image1756214311069-300x45.png 300w, https:\/\/www.zssgorkabusko.pl\/wp-content\/uploads\/2025\/12\/image1756214311069-100x15.png 100w\" sizes=\"auto, (max-width: 545px) 100vw, 545px\" \/><\/figure>\n\n\n\n<p class=\"has-medium-font-size\">W ramach podpisanej umowy pomi\u0119dzy Powiatem Buskim a Ministrem Cyfryzacji, w imieniu kt\u00f3rego dzia\u0142a Naukowa i Akademicka Sie\u0107 Komputerowa (NASK) \u2013 Pa\u0144stwowy Instytut Badawczy w Warszawie realizowane jest zadanie pod nazw\u0105: Wyr\u00f3wnanie poziomu wyposa\u017cenia szk\u00f3\u0142 w przeno\u015bne urz\u0105dzenia multimedialne \u2013 inwestycje zwi\u0105zane ze spe\u0142nieniem minimalnych standard\u00f3w sprz\u0119towych, wska\u017anik C15G \u201eNowe komputery przeno\u015bne (laptopy i laptopy przegl\u0105darkowe) oraz tablety do dyspozycji uczni\u00f3w\u201d szko\u0142y wchodz\u0105ce w sk\u0142ad Zespo\u0142u Szk\u00f3\u0142 Specjalnych otrzyma\u0142y sprz\u0119t komputerowy.<\/p>\n\n\n\n<p class=\"has-medium-font-size\">W ramach dzia\u0142ania Zesp\u00f3\u0142 otrzyma\u0142 6 laptop\u00f3w<\/p>\n\n\n\n<p class=\"has-medium-font-size\">3 szt. dla Szko\u0142y Podstawowej Specjalnej  <br>3  szt. dla VI Liceum Og\u00f3lnokszta\u0142c\u0105cego<br>Laptopy\u00a0 umo\u017cliwi\u0105 prowadzenie lekcji i zaj\u0119\u0107 dla specjalnych grup wychowawczych z\u00a0wykorzystaniem technologii informacyjno-komunikacyjnych (TIK), zwi\u0119ksz\u0105 atrakcyjno\u015b\u0107 procesu nauczania oraz pozwol\u0105 uczniom zdobywa\u0107 kompetencje niezb\u0119dne we wsp\u00f3\u0142czesnym \u015bwiecie.<\/p>\n\n\n\n<p class=\"has-medium-font-size\"><\/p>\n","protected":false},"excerpt":{"rendered":"<p>W ramach podpisanej umowy pomi\u0119dzy Powiatem Buskim a Ministrem Cyfryzacji, w imieniu kt\u00f3rego dzia\u0142a Naukowa i Akademicka Sie\u0107 Komputerowa (NASK) \u2013 Pa\u0144stwowy Instytut Badawczy w Warszawie realizowane jest zadanie pod nazw\u0105: Wyr\u00f3wnanie poziomu wyposa\u017cenia szk\u00f3\u0142 w przeno\u015bne urz\u0105dzenia multimedialne \u2013 inwestycje zwi\u0105zane ze spe\u0142nieniem minimalnych standard\u00f3w sprz\u0119towych, wska\u017anik C15G \u201eNowe komputery przeno\u015bne (laptopy i laptopy &#8230; <a title=\"PROGRAMY UNIJNE\" class=\"read-more\" href=\"https:\/\/www.zssgorkabusko.pl\/index.php\/programy-unijne\/\" aria-label=\"Dowiedz si\u0119 wi\u0119cej o PROGRAMY UNIJNE\">Dowiedz si\u0119 wi\u0119cej<\/a><\/p>\n","protected":false},"author":2,"featured_media":0,"parent":0,"menu_order":0,"comment_status":"closed","ping_status":"closed","template":"","meta":{"ngg_post_thumbnail":0,"footnotes":""},"class_list":["post-11472","page","type-page","status-publish"],"_links":{"self":[{"href":"https:\/\/www.zssgorkabusko.pl\/index.php\/wp-json\/wp\/v2\/pages\/11472","targetHints":{"allow":["GET"]}}],"collection":[{"href":"https:\/\/www.zssgorkabusko.pl\/index.php\/wp-json\/wp\/v2\/pages"}],"about":[{"href":"https:\/\/www.zssgorkabusko.pl\/index.php\/wp-json\/wp\/v2\/types\/page"}],"author":[{"embeddable":true,"href":"https:\/\/www.zssgorkabusko.pl\/index.php\/wp-json\/wp\/v2\/users\/2"}],"replies":[{"embeddable":true,"href":"https:\/\/www.zssgorkabusko.pl\/index.php\/wp-json\/wp\/v2\/comments?post=11472"}],"version-history":[{"count":7,"href":"https:\/\/www.zssgorkabusko.pl\/index.php\/wp-json\/wp\/v2\/pages\/11472\/revisions"}],"predecessor-version":[{"id":11543,"href":"https:\/\/www.zssgorkabusko.pl\/index.php\/wp-json\/wp\/v2\/pages\/11472\/revisions\/11543"}],"wp:attachment":[{"href":"https:\/\/www.zssgorkabusko.pl\/index.php\/wp-json\/wp\/v2\/media?parent=11472"}],"curies":[{"name":"wp","href":"https:\/\/api.w.org\/{rel}","templated":true}]}}