{"id":17,"date":"2017-07-29T13:19:03","date_gmt":"2017-07-29T11:19:03","guid":{"rendered":"http:\/\/gorka.bajtnetbusko.pl\/?page_id=17"},"modified":"2020-09-27T17:23:02","modified_gmt":"2020-09-27T15:23:02","slug":"o-szkole","status":"publish","type":"page","link":"https:\/\/www.zssgorkabusko.pl\/index.php\/o-szkole\/","title":{"rendered":"O SZKOLE"},"content":{"rendered":"<h1 style=\"text-align: center;\">Zesp\u00f3\u0142 Szk\u00f3\u0142 Specjalnych&nbsp;<\/h1>\n<h1 style=\"text-align: center;\"><span style=\"font-size: 24pt;\"><em>nauczanie to nasza pasja<\/em><\/span><\/h1>\n<p>&nbsp;<\/p>\n<p><strong>Zesp\u00f3\u0142 Szk\u00f3\u0142 Specjalnych<\/strong> jest plac\u00f3wk\u0105 o\u015bwiatow\u0105 zorganizowan\u0105 przy Specjalistycznym Szpitalu Ortopedyczno-Rehabilitacyjnym \u201eG\u00f3rka\u201d im. dr Szymona Starkiewicza w Busku Zdroju.<\/p>\n<p>Organem prowadz\u0105cym Zesp\u00f3\u0142 jest Powiat Buski a organem sprawuj\u0105cym nadz\u00f3r pedagogiczny nad Zespo\u0142em \u015awi\u0119tokrzyski Kurator O\u015bwiaty w Kielcach.<\/p>\n<p>W sk\u0142ad Zespo\u0142u wchodz\u0105:<\/p>\n<p>1)&nbsp; &nbsp;&nbsp;Szko\u0142a Podstawowa Specjalna,<\/p>\n<p>2)&nbsp; &nbsp;VI Liceum Og\u00f3lnokszta\u0142c\u0105ce Specjalne,<\/p>\n<p>3)&nbsp; &nbsp;Specjalne Grupy Wychowawcze.<\/p>\n<p>Wykwalifikowana kadra pedagogiczna Zespo\u0142u obejmuje zaj\u0119ciami opieku\u0144czo \u2013 wychowawczymi dzieci \u2013 pacjent\u00f3w Szpitala \u2013 poddane leczeniu szpitalnemu, ambulatoryjnemu lub rehabilitacji, u kt\u00f3rych stwierdzono r\u00f3\u017cne dysfunkcje,<br \/>\nw tym dzieci z niepe\u0142nosprawno\u015bciami stwierdzonymi na podstawie orzecze\u0144 wydanych przez poradnie psychologiczno- pedagogiczne. Plac\u00f3wka zapewnia bezp\u0142atne nauczanie<br \/>\ni realizuje okre\u015blone dla szk\u00f3\u0142 og\u00f3lnodost\u0119pnych i specjalnych programy przedmiot\u00f3w obowi\u0105zkowych i ramowy plan nauczania. Organizuje zaj\u0119cia dodatkowe zgodnie<br \/>\nz potrzebami i zainteresowaniami uczni\u00f3w (ko\u0142a zainteresowa\u0144 i zaj\u0119cia wyr\u00f3wnawcze). Dzieci i m\u0142odzie\u017c mog\u0105 korzysta\u0107 z bogatego ksi\u0119gozbioru w bibliotece i komputer\u00f3w<br \/>\nz dost\u0119pem do Internetu.<\/p>\n<p><a href=\"http:\/\/gorka.bajtnetbusko.pl\/index.php\/o-szkole\/o-szkole-2\/#main\" rel=\"attachment wp-att-177\"><img loading=\"lazy\" decoding=\"async\" class=\"aligncenter size-full wp-image-177\" src=\"http:\/\/gorka.bajtnetbusko.pl\/wp-content\/uploads\/2017\/07\/O-szkole.gif\" alt=\"\" width=\"400\" height=\"300\"><\/a><\/p>\n","protected":false},"excerpt":{"rendered":"<p>Zesp\u00f3\u0142 Szk\u00f3\u0142 Specjalnych&nbsp; nauczanie to nasza pasja &nbsp; Zesp\u00f3\u0142 Szk\u00f3\u0142 Specjalnych jest plac\u00f3wk\u0105 o\u015bwiatow\u0105 zorganizowan\u0105 przy Specjalistycznym Szpitalu Ortopedyczno-Rehabilitacyjnym \u201eG\u00f3rka\u201d im. dr Szymona Starkiewicza w Busku Zdroju. Organem prowadz\u0105cym Zesp\u00f3\u0142 jest Powiat Buski a organem sprawuj\u0105cym nadz\u00f3r pedagogiczny nad Zespo\u0142em \u015awi\u0119tokrzyski Kurator O\u015bwiaty w Kielcach. W sk\u0142ad Zespo\u0142u wchodz\u0105: 1)&nbsp; &nbsp;&nbsp;Szko\u0142a Podstawowa Specjalna, 2)&nbsp; &nbsp;VI &#8230; <a title=\"O SZKOLE\" class=\"read-more\" href=\"https:\/\/www.zssgorkabusko.pl\/index.php\/o-szkole\/\" aria-label=\"Dowiedz si\u0119 wi\u0119cej o O SZKOLE\">Dowiedz si\u0119 wi\u0119cej<\/a><\/p>\n","protected":false},"author":1,"featured_media":0,"parent":0,"menu_order":2,"comment_status":"closed","ping_status":"closed","template":"","meta":{"ngg_post_thumbnail":0,"footnotes":""},"class_list":["post-17","page","type-page","status-publish"],"_links":{"self":[{"href":"https:\/\/www.zssgorkabusko.pl\/index.php\/wp-json\/wp\/v2\/pages\/17","targetHints":{"allow":["GET"]}}],"collection":[{"href":"https:\/\/www.zssgorkabusko.pl\/index.php\/wp-json\/wp\/v2\/pages"}],"about":[{"href":"https:\/\/www.zssgorkabusko.pl\/index.php\/wp-json\/wp\/v2\/types\/page"}],"author":[{"embeddable":true,"href":"https:\/\/www.zssgorkabusko.pl\/index.php\/wp-json\/wp\/v2\/users\/1"}],"replies":[{"embeddable":true,"href":"https:\/\/www.zssgorkabusko.pl\/index.php\/wp-json\/wp\/v2\/comments?post=17"}],"version-history":[{"count":11,"href":"https:\/\/www.zssgorkabusko.pl\/index.php\/wp-json\/wp\/v2\/pages\/17\/revisions"}],"predecessor-version":[{"id":4779,"href":"https:\/\/www.zssgorkabusko.pl\/index.php\/wp-json\/wp\/v2\/pages\/17\/revisions\/4779"}],"wp:attachment":[{"href":"https:\/\/www.zssgorkabusko.pl\/index.php\/wp-json\/wp\/v2\/media?parent=17"}],"curies":[{"name":"wp","href":"https:\/\/api.w.org\/{rel}","templated":true}]}}