{"id":5732,"date":"2022-01-24T19:04:29","date_gmt":"2022-01-24T18:04:29","guid":{"rendered":"http:\/\/www.zssgorkabusko.pl\/?page_id=5732"},"modified":"2022-01-24T19:04:30","modified_gmt":"2022-01-24T18:04:30","slug":"doradztwo-zawodowe-2021-2022","status":"publish","type":"page","link":"https:\/\/www.zssgorkabusko.pl\/index.php\/dokumenty-szkoly\/doradztwo-zawodowe\/doradztwo-zawodowe-2021-2022\/","title":{"rendered":"DORADZTWO ZAWODOWE 2021\/2022"},"content":{"rendered":"\n<p class=\"has-text-align-center\"><strong>Szkolne Kalendarium Dzia\u0142a\u0144 na Rzecz Rozwoju Doradztwa Zawodowego<\/strong><br><strong>w Zespole Szk\u00f3\u0142 Specjalnych w Busku -Zdroju<\/strong><\/p>\n\n\n\n<figure class=\"wp-block-table\"><table><tbody><tr><td><strong>Lp.<\/strong><\/td><td><strong>TERMIN<\/strong><\/td><td><strong><em>Dzia\u0142ania wybrane ze \u015awi\u0119tokrzyskiego Kalendarium na Rzecz Rozwoju Systemu Doradztwa Zawodowego<\/em><\/strong><\/td><\/tr><tr><td>&nbsp;<\/td><td><strong>CA\u0141Y ROK<\/strong> &nbsp;<\/td><td>Prace organizacyjne, konkursy,&nbsp; wsp\u00f3\u0142praca z rad\u0105 pedagogiczn\u0105 w planowaniu i realizacji dzia\u0142a\u0144 zwi\u0105zanych z doradztwem zawodowym, budowanie wsp\u00f3\u0142pracy z rodzicami,&nbsp; wyk\u0142ady, warsztaty, wymiana do\u015bwiadcze\u0144 i wsp\u00f3\u0142praca w ramach sieci wsp\u00f3\u0142pracy doradc\u00f3w , prowadzenie zak\u0142adki \u201eDoradztwo zawodowe\u201d na stronie internetowej szko\u0142y , realizacja lekcji doradztwa zawodowego w&nbsp; klasach I \u2013 VI szko\u0142y podstawowej&nbsp;&nbsp;&nbsp;&nbsp;&nbsp;&nbsp;&nbsp;&nbsp;&nbsp;&nbsp;&nbsp;&nbsp;&nbsp;&nbsp;&nbsp; (zapoznanie uczni\u00f3w z wybranymi zawodami, kszta\u0142towanie pozytywnych postaw wobec pracy i edukacji oraz pobudzanie, rozpoznawanie i rozwijanie ich zainteresowa\u0144 i uzdolnie\u0144) oraz klasach VII-VIII szko\u0142y podstawowej i klasach licealnych zgodnie z programem zaj\u0119\u0107.<\/td><\/tr><tr><td>1.<\/td><td><strong>WRZESIE\u0143 2021<\/strong> <strong>Gin\u0105ce zawody: np.:<\/strong> <strong>szewc, kominiarz.<\/strong><\/td><td>Diagnoza potrzeb \u015brodowiska.Organizacja pracy, w tym&nbsp; opracowanie rocznego planu dzia\u0142a\u0144.Wsp\u00f3\u0142praca z Rad\u0105 Pedagogiczn\u0105, w\u0142\u0105czenie do dzia\u0142a\u0144 na rzecz doradztwa nauczycieli.Przygotowanie Szkolnego Kalendarium Dzia\u0142a\u0144;Zamieszczenie w zak\u0142adce \u201eDoradztwo Zawodowe\u201d \u2013 Szkolnego Kalendarium Dzia\u0142a\u0144.Koordynacja dzia\u0142a\u0144 wszystkich nauczycieli na rzecz doradztwa zawodowego i przygotowania uczni\u00f3w do wyboru drogi zawodowej i edukacyjnej.&nbsp;<\/td><\/tr><tr><td>2.<\/td><td><strong>PA\u0179DZIERNIK 2021<\/strong> <strong>Zawody humanistyczno &#8211; spo\u0142eczne.<\/strong><\/td><td>Wymiana informacji i do\u015bwiadcze\u0144 z kadr\u0105 pedagogiczn\u0105 innych szk\u00f3\u0142 z danego powiatu, s\u0142u\u017c\u0105ca nawi\u0105zaniu \u015bcis\u0142ej wsp\u00f3\u0142pracy pomi\u0119dzy szko\u0142ami.Zawody ludzi pracuj\u0105cych dla dobra innych. Zaw\u00f3d nauczyciel.Gazetka szkolna ukazuj\u0105ca r\u00f3\u017cne zawody humanistyczne, w tym nauczyciela.<\/td><\/tr><tr><td>3.<\/td><td><strong>LISTOPAD 2021<\/strong> <strong>Zawody rzemie\u015blnicze&nbsp; &nbsp;&nbsp;&nbsp;&nbsp;&nbsp;&nbsp;&nbsp;&nbsp;i gastronomiczne.<\/strong><\/td><td>Zbieranie, aktualizacja i upowszechnianie informacji o zawodach, mo\u017cliwo\u015bciach kszta\u0142cenia i doskonalenia kwalifikacji zawodowych oraz rynku pracy w wymiarze lokalnym, regionalnym, krajowym i europejskim.Wykonanie plakatu propaguj\u0105cego \u015awiatowy Tydzie\u0144 Przedsi\u0119biorczo\u015bci.<\/td><\/tr><tr><td>4.<\/td><td><strong>GRUDZIE\u0143 2021<\/strong> <strong>Handel i zarz\u0105dzanie.<\/strong><\/td><td>Udzia\u0142 w wybranym konkursie, np.:&nbsp; w Mi\u0119dzypowiatowym Konkursie Plastycznym&nbsp; \u201eM\u00f3j zaw\u00f3d- moja przysz\u0142o\u015b\u0107\u201d.Wirtualny spacer po lokalnej firmie (PSB Mr\u00f3wka).<\/td><\/tr><tr><td>5.<\/td><td><strong>STYCZE\u0143 -LUTY 2022<\/strong> <strong>Zawody medyczne, techniczne<\/strong> <strong>i in\u017cynieryjne.&nbsp;&nbsp;&nbsp;&nbsp;&nbsp;&nbsp;&nbsp;&nbsp;&nbsp;&nbsp;&nbsp;&nbsp;&nbsp;&nbsp;&nbsp;&nbsp;&nbsp;&nbsp;&nbsp;&nbsp;&nbsp;&nbsp;&nbsp;&nbsp;&nbsp;&nbsp;&nbsp;&nbsp;<\/strong><\/td><td>Udost\u0119pnianie informacji o szko\u0142ach ponadpodstawowych dla uczni\u00f3w klas VII i VIII&nbsp; w ramach doradztwa zawodowego.Rozmowy z piel\u0119gniark\u0105 oddzia\u0142ow\u0105 i pani\u0105 ordynator oddzia\u0142u dzieci\u0119cego na temat specyfiki pracy w szpitalu.Zapoznanie z ofert\u0105 szk\u00f3\u0142 ponadpodstawowych z powiatu buskiego ze szczeg\u00f3lnym zwr\u00f3ceniem uwagi na zawody techniczne.Od technika do in\u017cyniera-wyszukiwanie w internecie etap\u00f3w kszta\u0142cenia w zawodach technicznych&nbsp; oraz indywidualne planowanie kariery zawodowej przez uczni\u00f3w.<\/td><\/tr><tr><td>6.<\/td><td><strong>MARZEC 2022<\/strong> <strong>Zawody ekonomiczno-administracyjne (ksi\u0119gowa, kadrowa, ekonomista, bankowiec).<\/strong><\/td><td>Zapoznanie z ofert\u0105 edukacyjn\u0105 szk\u00f3\u0142 kszta\u0142c\u0105cych w zawodach ekonomiczno-administracyjnych, kt\u00f3ra jest dost\u0119pna w internecie.Zapoznanie uczni\u00f3w (wszystkie klasy szk\u00f3\u0142 podstawowych) z ofert\u0105 szk\u00f3\u0142 ponadpodstawowych w powiecie buskim. Prezentacja ulotek, plakat\u00f3w, informacji internetowych.Diagnoza predyspozycji zawodowych uczni\u00f3w klas VII i VIII szko\u0142y podstawowej, wykorzystanie informacji na temat kierunk\u00f3w kszta\u0142cenia w buskich szko\u0142ach ponadpodstawowych do zaplanowania indywidualnej \u015bcie\u017cki edukacyjnej ka\u017cdego z uczni\u00f3w.<\/td><\/tr><tr><td>7.<\/td><td><strong>KWIECIE\u0143 2022<\/strong> <strong>Miesi\u0105c z zawodami zwi\u0105zanymi z rolnictwem, \u015brodowiskiem, ogrodnictwem, ekologi\u0105.<\/strong><\/td><td>Prezentacja oferty szk\u00f3\u0142 wy\u017cszych pod k\u0105tem omawianych zawod\u00f3w i rozmowy z uczniami klas przedmaturalnych u\u0142atwiaj\u0105ce wyb\u00f3r przysz\u0142ego zawodu.Wycieczki wirtualne po uczelniach. &nbsp;<\/td><\/tr><tr><td>8.<\/td><td><strong>MAJ 2022<\/strong> <strong>Czym jest portfolio zawodowe?<\/strong><\/td><td>Maj z portfolio zawodowym \u2013 np.; konkursy na najciekawsze portfolio zawodowe \u2013 szko\u0142y podstawowe.<\/td><\/tr><tr><td>9.<\/td><td><strong>CZERWIEC 2022<\/strong><\/td><td>Podsumowanie dzia\u0142a\u0144. &nbsp;<\/td><\/tr><\/tbody><\/table><\/figure>\n","protected":false},"excerpt":{"rendered":"<p>Szkolne Kalendarium Dzia\u0142a\u0144 na Rzecz Rozwoju Doradztwa Zawodowegow Zespole Szk\u00f3\u0142 Specjalnych w Busku -Zdroju Lp. TERMIN Dzia\u0142ania wybrane ze \u015awi\u0119tokrzyskiego Kalendarium na Rzecz Rozwoju Systemu Doradztwa Zawodowego &nbsp; CA\u0141Y ROK &nbsp; Prace organizacyjne, konkursy,&nbsp; wsp\u00f3\u0142praca z rad\u0105 pedagogiczn\u0105 w planowaniu i realizacji dzia\u0142a\u0144 zwi\u0105zanych z doradztwem zawodowym, budowanie wsp\u00f3\u0142pracy z rodzicami,&nbsp; wyk\u0142ady, warsztaty, wymiana do\u015bwiadcze\u0144 &#8230; <a title=\"DORADZTWO ZAWODOWE 2021\/2022\" class=\"read-more\" href=\"https:\/\/www.zssgorkabusko.pl\/index.php\/dokumenty-szkoly\/doradztwo-zawodowe\/doradztwo-zawodowe-2021-2022\/\" aria-label=\"Dowiedz si\u0119 wi\u0119cej o DORADZTWO ZAWODOWE 2021\/2022\">Dowiedz si\u0119 wi\u0119cej<\/a><\/p>\n","protected":false},"author":2,"featured_media":0,"parent":1805,"menu_order":0,"comment_status":"closed","ping_status":"closed","template":"","meta":{"ngg_post_thumbnail":0,"footnotes":""},"class_list":["post-5732","page","type-page","status-publish"],"_links":{"self":[{"href":"https:\/\/www.zssgorkabusko.pl\/index.php\/wp-json\/wp\/v2\/pages\/5732","targetHints":{"allow":["GET"]}}],"collection":[{"href":"https:\/\/www.zssgorkabusko.pl\/index.php\/wp-json\/wp\/v2\/pages"}],"about":[{"href":"https:\/\/www.zssgorkabusko.pl\/index.php\/wp-json\/wp\/v2\/types\/page"}],"author":[{"embeddable":true,"href":"https:\/\/www.zssgorkabusko.pl\/index.php\/wp-json\/wp\/v2\/users\/2"}],"replies":[{"embeddable":true,"href":"https:\/\/www.zssgorkabusko.pl\/index.php\/wp-json\/wp\/v2\/comments?post=5732"}],"version-history":[{"count":4,"href":"https:\/\/www.zssgorkabusko.pl\/index.php\/wp-json\/wp\/v2\/pages\/5732\/revisions"}],"predecessor-version":[{"id":5736,"href":"https:\/\/www.zssgorkabusko.pl\/index.php\/wp-json\/wp\/v2\/pages\/5732\/revisions\/5736"}],"up":[{"embeddable":true,"href":"https:\/\/www.zssgorkabusko.pl\/index.php\/wp-json\/wp\/v2\/pages\/1805"}],"wp:attachment":[{"href":"https:\/\/www.zssgorkabusko.pl\/index.php\/wp-json\/wp\/v2\/media?parent=5732"}],"curies":[{"name":"wp","href":"https:\/\/api.w.org\/{rel}","templated":true}]}}