{"id":58,"date":"2017-07-30T16:59:41","date_gmt":"2017-07-30T14:59:41","guid":{"rendered":"http:\/\/gorka.bajtnetbusko.pl\/?page_id=58"},"modified":"2025-09-07T20:27:14","modified_gmt":"2025-09-07T18:27:14","slug":"szkola-ponadgimnazjalna","status":"publish","type":"page","link":"https:\/\/www.zssgorkabusko.pl\/index.php\/plan-zajec\/szkola-ponadgimnazjalna\/","title":{"rendered":"SZKO\u0141A PONADPODSTAWOWA"},"content":{"rendered":"<h2>Plan lekcji obowi\u0105zuj\u0105cy od 02-09-2024&nbsp;<\/h2>\n<p>&nbsp;<\/p>\n<table>\n<tbody>\n<tr>\n<td width=\"127\">Dzie\u0144 tygodnia<\/td>\n<td width=\"106\">Czas trwania zaj\u0119\u0107<\/td>\n<td width=\"272\"><strong>Zesp\u00f3\u0142 klas I &#8211; IV Liceum<br \/>\nEl\u017cbieta Lotko-Pikul<\/strong><\/td>\n<\/tr>\n<tr>\n<td colspan=\"1\" rowspan=\"6\" width=\"127\">Poniedzia\u0142ek<\/td>\n<\/tr>\n<tr>\n<td width=\"106\">13:25 &#8211; 14:10<\/td>\n<td width=\"272\">biologia<\/td>\n<\/tr>\n<tr>\n<td width=\"106\">14:15 &#8211; 15:00<\/td>\n<td width=\"272\">matematyka<\/td>\n<\/tr>\n<tr>\n<td width=\"106\">15:05 &#8211; 15:50<\/td>\n<td width=\"272\">j\u0119zyk polski<\/td>\n<\/tr>\n<tr>\n<td width=\"106\">15:55 &#8211; 16:40<\/td>\n<td width=\"272\">historia<\/td>\n<\/tr>\n<tr>\n<td width=\"106\">16:45 &#8211; 17:30<\/td>\n<td width=\"272\">j\u0119zyk niemiecki<\/td>\n<\/tr>\n<tr>\n<td colspan=\"1\" rowspan=\"6\" width=\"127\">Wtorek<\/td>\n<\/tr>\n<tr>\n<td width=\"106\">13:25 &#8211; 14:10<\/td>\n<td width=\"272\">fizyka<\/td>\n<\/tr>\n<tr>\n<td width=\"106\">14:15&nbsp; -15:00<\/td>\n<td width=\"272\">j\u0119zyk polski<\/td>\n<\/tr>\n<tr>\n<td width=\"106\">15:05 &#8211; 15:50<\/td>\n<td width=\"272\">j\u0119zyk polski<\/td>\n<\/tr>\n<tr>\n<td width=\"106\">15:55- 16:40<\/td>\n<td width=\"272\">j\u0119zyk angielski<\/td>\n<\/tr>\n<tr>\n<td width=\"106\">16:45 &#8211; 17:30<\/td>\n<td width=\"272\">matematyka<\/td>\n<\/tr>\n<tr>\n<td colspan=\"1\" rowspan=\"6\" width=\"127\">\u015aroda<\/td>\n<\/tr>\n<tr>\n<td width=\"106\">13:25 &#8211; 14:10<\/td>\n<td width=\"272\">chemia<\/td>\n<\/tr>\n<tr>\n<td width=\"106\">14:15 &#8211; 15:00<\/td>\n<td width=\"272\">biologia<\/td>\n<\/tr>\n<tr>\n<td width=\"106\">15:05 &#8211; 15:50<\/td>\n<td width=\"272\">j\u0119zyk angielski<\/td>\n<\/tr>\n<tr>\n<td width=\"106\">15:55 &#8211; 16:40<\/td>\n<td width=\"272\">matematyka<\/td>\n<\/tr>\n<tr>\n<td width=\"106\">16:45 &#8211; 17:30<\/td>\n<td width=\"272\">religia<\/td>\n<\/tr>\n<tr>\n<td colspan=\"1\" rowspan=\"6\" width=\"127\">Czwartek<\/td>\n<\/tr>\n<tr>\n<td width=\"106\">13:25 &#8211; 14:10<\/td>\n<td width=\"272\">geografia<\/td>\n<\/tr>\n<tr>\n<td width=\"106\">14:15 &#8211; 15:00<\/td>\n<td width=\"272\">j\u0119zyk polski<\/td>\n<\/tr>\n<tr>\n<td width=\"106\">15:05 &#8211; 15:50<\/td>\n<td width=\"272\">edukacja obywatelska<\/td>\n<\/tr>\n<tr>\n<td width=\"106\">15:55 &#8211; 16:40<\/td>\n<td width=\"272\">zaj\u0119cia z wychowawc\u0105<\/td>\n<\/tr>\n<tr>\n<td width=\"106\">16:40 &#8211; 17:30<\/td>\n<td width=\"272\">j\u0119zyk angielski<\/td>\n<\/tr>\n<tr>\n<td colspan=\"1\" rowspan=\"6\" width=\"127\">Pi\u0105tek<\/td>\n<\/tr>\n<tr>\n<td width=\"106\">13:25 &#8211; 14:10<\/td>\n<td width=\"272\">matematyka<\/td>\n<\/tr>\n<tr>\n<td width=\"106\">14:15 &#8211; 15:00<\/td>\n<td width=\"272\">chemia<\/td>\n<\/tr>\n<tr>\n<td width=\"106\">15:05 &#8211; 15:50<\/td>\n<td width=\"272\">informatyka<\/td>\n<\/tr>\n<tr>\n<td width=\"106\">15:55 &#8211; 16:40<\/td>\n<td width=\"272\">j\u0119zyk niemiecki<\/td>\n<\/tr>\n<tr>\n<td width=\"106\">16:45 &#8211; 17:30<\/td>\n<td width=\"272\">historia<\/td>\n<\/tr>\n<\/tbody>\n<\/table>\n","protected":false},"excerpt":{"rendered":"<p>Plan lekcji obowi\u0105zuj\u0105cy od 02-09-2024&nbsp; &nbsp; Dzie\u0144 tygodnia Czas trwania zaj\u0119\u0107 Zesp\u00f3\u0142 klas I &#8211; IV Liceum El\u017cbieta Lotko-Pikul Poniedzia\u0142ek 13:25 &#8211; 14:10 biologia 14:15 &#8211; 15:00 matematyka 15:05 &#8211; 15:50 j\u0119zyk polski 15:55 &#8211; 16:40 historia 16:45 &#8211; 17:30 j\u0119zyk niemiecki Wtorek 13:25 &#8211; 14:10 fizyka 14:15&nbsp; -15:00 j\u0119zyk polski 15:05 &#8211; 15:50 j\u0119zyk &#8230; <a title=\"SZKO\u0141A PONADPODSTAWOWA\" class=\"read-more\" href=\"https:\/\/www.zssgorkabusko.pl\/index.php\/plan-zajec\/szkola-ponadgimnazjalna\/\" aria-label=\"Dowiedz si\u0119 wi\u0119cej o SZKO\u0141A PONADPODSTAWOWA\">Dowiedz si\u0119 wi\u0119cej<\/a><\/p>\n","protected":false},"author":1,"featured_media":0,"parent":44,"menu_order":4,"comment_status":"closed","ping_status":"closed","template":"","meta":{"ngg_post_thumbnail":0,"footnotes":""},"class_list":["post-58","page","type-page","status-publish"],"_links":{"self":[{"href":"https:\/\/www.zssgorkabusko.pl\/index.php\/wp-json\/wp\/v2\/pages\/58","targetHints":{"allow":["GET"]}}],"collection":[{"href":"https:\/\/www.zssgorkabusko.pl\/index.php\/wp-json\/wp\/v2\/pages"}],"about":[{"href":"https:\/\/www.zssgorkabusko.pl\/index.php\/wp-json\/wp\/v2\/types\/page"}],"author":[{"embeddable":true,"href":"https:\/\/www.zssgorkabusko.pl\/index.php\/wp-json\/wp\/v2\/users\/1"}],"replies":[{"embeddable":true,"href":"https:\/\/www.zssgorkabusko.pl\/index.php\/wp-json\/wp\/v2\/comments?post=58"}],"version-history":[{"count":16,"href":"https:\/\/www.zssgorkabusko.pl\/index.php\/wp-json\/wp\/v2\/pages\/58\/revisions"}],"predecessor-version":[{"id":11069,"href":"https:\/\/www.zssgorkabusko.pl\/index.php\/wp-json\/wp\/v2\/pages\/58\/revisions\/11069"}],"up":[{"embeddable":true,"href":"https:\/\/www.zssgorkabusko.pl\/index.php\/wp-json\/wp\/v2\/pages\/44"}],"wp:attachment":[{"href":"https:\/\/www.zssgorkabusko.pl\/index.php\/wp-json\/wp\/v2\/media?parent=58"}],"curies":[{"name":"wp","href":"https:\/\/api.w.org\/{rel}","templated":true}]}}