{"id":7676,"date":"2023-07-02T21:41:12","date_gmt":"2023-07-02T19:41:12","guid":{"rendered":"http:\/\/www.zssgorkabusko.pl\/?page_id=7676"},"modified":"2023-07-02T21:42:39","modified_gmt":"2023-07-02T19:42:39","slug":"laboratoria-przyszlosci-czerwiec","status":"publish","type":"page","link":"https:\/\/www.zssgorkabusko.pl\/index.php\/programy-realizowane-z-budzetu-panstwa\/laboratoria-przyszlosci\/laboratoria-przyszlosci-czerwiec\/","title":{"rendered":",,#Laboratoria Przysz\u0142o\u015bci&#8221; &#8211; czerwiec"},"content":{"rendered":"\n<p>W czerwcu wykorzystywano aparat fotograficzny Canon do wykonywania zdj\u0119\u0107 z imprez <br>i uroczysto\u015bci szkolnych: Dnia Dziecka, Dnia Ojca, akademii z zako\u0144czenia roku szkolnego. <br>Dokumentowano zaj\u0119cia specjalnych grup wychowawczych, lekcji i konkurs\u00f3w szkolnych <br>(zdj\u0119cia w zak\u0142adce aktualno\u015bci). <br>Du\u017cym zainteresowaniem cieszy\u0142y si\u0119 zaj\u0119cia z wykorzystaniem klock\u00f3w lego oraz drukarki 3D.<\/p>\n\n\n\n<figure class=\"wp-block-gallery has-nested-images columns-default is-cropped wp-block-gallery-1 is-layout-flex wp-block-gallery-is-layout-flex\">\n<figure class=\"wp-block-image size-large\"><img loading=\"lazy\" decoding=\"async\" width=\"640\" height=\"379\" data-id=\"7663\" src=\"http:\/\/www.zssgorkabusko.pl\/wp-content\/uploads\/2023\/07\/IMG_20230615_190314-1.jpg\" alt=\"\" class=\"wp-image-7663\" srcset=\"https:\/\/www.zssgorkabusko.pl\/wp-content\/uploads\/2023\/07\/IMG_20230615_190314-1.jpg 640w, https:\/\/www.zssgorkabusko.pl\/wp-content\/uploads\/2023\/07\/IMG_20230615_190314-1-300x178.jpg 300w\" sizes=\"auto, (max-width: 640px) 100vw, 640px\" \/><\/figure>\n\n\n\n<figure class=\"wp-block-image size-large\"><img loading=\"lazy\" decoding=\"async\" width=\"640\" height=\"386\" data-id=\"7662\" src=\"http:\/\/www.zssgorkabusko.pl\/wp-content\/uploads\/2023\/07\/IMG_20230615_190245-1.jpg\" alt=\"\" class=\"wp-image-7662\" srcset=\"https:\/\/www.zssgorkabusko.pl\/wp-content\/uploads\/2023\/07\/IMG_20230615_190245-1.jpg 640w, https:\/\/www.zssgorkabusko.pl\/wp-content\/uploads\/2023\/07\/IMG_20230615_190245-1-300x181.jpg 300w\" sizes=\"auto, (max-width: 640px) 100vw, 640px\" \/><\/figure>\n\n\n\n<figure class=\"wp-block-image size-large\"><img loading=\"lazy\" decoding=\"async\" width=\"480\" height=\"480\" data-id=\"7664\" src=\"http:\/\/www.zssgorkabusko.pl\/wp-content\/uploads\/2023\/07\/IMG_20230615_183703-1.jpg\" alt=\"\" class=\"wp-image-7664\" srcset=\"https:\/\/www.zssgorkabusko.pl\/wp-content\/uploads\/2023\/07\/IMG_20230615_183703-1.jpg 480w, https:\/\/www.zssgorkabusko.pl\/wp-content\/uploads\/2023\/07\/IMG_20230615_183703-1-300x300.jpg 300w, https:\/\/www.zssgorkabusko.pl\/wp-content\/uploads\/2023\/07\/IMG_20230615_183703-1-150x150.jpg 150w\" sizes=\"auto, (max-width: 480px) 100vw, 480px\" \/><\/figure>\n<figcaption class=\"blocks-gallery-caption\"><strong><em>Specjalne grupy wychowawcze &#8211; Dzie\u0144 Przyjaciela<\/em><\/strong><\/figcaption><\/figure>\n\n\n\n<figure class=\"wp-block-image size-large\"><img loading=\"lazy\" decoding=\"async\" width=\"1024\" height=\"909\" src=\"http:\/\/www.zssgorkabusko.pl\/wp-content\/uploads\/2023\/07\/20230617_165923-1024x909.jpg\" alt=\"\" class=\"wp-image-7660\" srcset=\"https:\/\/www.zssgorkabusko.pl\/wp-content\/uploads\/2023\/07\/20230617_165923-1024x909.jpg 1024w, https:\/\/www.zssgorkabusko.pl\/wp-content\/uploads\/2023\/07\/20230617_165923-300x266.jpg 300w, https:\/\/www.zssgorkabusko.pl\/wp-content\/uploads\/2023\/07\/20230617_165923-768x682.jpg 768w, https:\/\/www.zssgorkabusko.pl\/wp-content\/uploads\/2023\/07\/20230617_165923-1536x1364.jpg 1536w, https:\/\/www.zssgorkabusko.pl\/wp-content\/uploads\/2023\/07\/20230617_165923-2048x1819.jpg 2048w\" sizes=\"auto, (max-width: 1024px) 100vw, 1024px\" \/><figcaption><strong><em>Specjalne grupy wychowawcze &#8211; Dzie\u0144 Dogoterapii<\/em><\/strong><\/figcaption><\/figure>\n\n\n\n<figure class=\"wp-block-gallery has-nested-images columns-default is-cropped wp-block-gallery-2 is-layout-flex wp-block-gallery-is-layout-flex\">\n<figure class=\"wp-block-image size-large\"><img loading=\"lazy\" decoding=\"async\" width=\"640\" height=\"361\" data-id=\"7666\" src=\"http:\/\/www.zssgorkabusko.pl\/wp-content\/uploads\/2023\/07\/IMG_3432.jpg\" alt=\"\" class=\"wp-image-7666\" srcset=\"https:\/\/www.zssgorkabusko.pl\/wp-content\/uploads\/2023\/07\/IMG_3432.jpg 640w, https:\/\/www.zssgorkabusko.pl\/wp-content\/uploads\/2023\/07\/IMG_3432-300x169.jpg 300w\" sizes=\"auto, (max-width: 640px) 100vw, 640px\" \/><\/figure>\n\n\n\n<figure class=\"wp-block-image size-large\"><img loading=\"lazy\" decoding=\"async\" width=\"640\" height=\"466\" data-id=\"7667\" src=\"http:\/\/www.zssgorkabusko.pl\/wp-content\/uploads\/2023\/07\/IMG_3429.jpg\" alt=\"\" class=\"wp-image-7667\" srcset=\"https:\/\/www.zssgorkabusko.pl\/wp-content\/uploads\/2023\/07\/IMG_3429.jpg 640w, https:\/\/www.zssgorkabusko.pl\/wp-content\/uploads\/2023\/07\/IMG_3429-300x218.jpg 300w\" sizes=\"auto, (max-width: 640px) 100vw, 640px\" \/><\/figure>\n\n\n\n<figure class=\"wp-block-image size-large\"><img loading=\"lazy\" decoding=\"async\" width=\"552\" height=\"480\" data-id=\"7668\" src=\"http:\/\/www.zssgorkabusko.pl\/wp-content\/uploads\/2023\/07\/IMG_3438.jpg\" alt=\"\" class=\"wp-image-7668\" srcset=\"https:\/\/www.zssgorkabusko.pl\/wp-content\/uploads\/2023\/07\/IMG_3438.jpg 552w, https:\/\/www.zssgorkabusko.pl\/wp-content\/uploads\/2023\/07\/IMG_3438-300x261.jpg 300w\" sizes=\"auto, (max-width: 552px) 100vw, 552px\" \/><\/figure>\n<figcaption class=\"blocks-gallery-caption\"><strong><em>Edukacja wczesnoszkolna &#8211; Nie pal przy mnie prosz\u0119. <\/em><\/strong><\/figcaption><\/figure>\n\n\n\n<figure class=\"wp-block-gallery has-nested-images columns-default is-cropped wp-block-gallery-3 is-layout-flex wp-block-gallery-is-layout-flex\">\n<figure class=\"wp-block-image size-large\"><img loading=\"lazy\" decoding=\"async\" width=\"640\" height=\"480\" data-id=\"7670\" src=\"http:\/\/www.zssgorkabusko.pl\/wp-content\/uploads\/2023\/07\/IMG_3447.jpg\" alt=\"\" class=\"wp-image-7670\" srcset=\"https:\/\/www.zssgorkabusko.pl\/wp-content\/uploads\/2023\/07\/IMG_3447.jpg 640w, https:\/\/www.zssgorkabusko.pl\/wp-content\/uploads\/2023\/07\/IMG_3447-300x225.jpg 300w\" sizes=\"auto, (max-width: 640px) 100vw, 640px\" \/><\/figure>\n\n\n\n<figure class=\"wp-block-image size-large\"><img loading=\"lazy\" decoding=\"async\" width=\"640\" height=\"480\" data-id=\"7669\" src=\"http:\/\/www.zssgorkabusko.pl\/wp-content\/uploads\/2023\/07\/IMG_3443.jpg\" alt=\"\" class=\"wp-image-7669\" srcset=\"https:\/\/www.zssgorkabusko.pl\/wp-content\/uploads\/2023\/07\/IMG_3443.jpg 640w, https:\/\/www.zssgorkabusko.pl\/wp-content\/uploads\/2023\/07\/IMG_3443-300x225.jpg 300w\" sizes=\"auto, (max-width: 640px) 100vw, 640px\" \/><\/figure>\n<figcaption class=\"blocks-gallery-caption\"><strong><em>Zaj\u0119cia z wychowawc\u0105 &#8211; Znajd\u017a w\u0142a\u015bciwe rozwi\u0105zanie.<\/em><\/strong><\/figcaption><\/figure>\n\n\n\n<figure class=\"wp-block-image size-full\"><img loading=\"lazy\" decoding=\"async\" width=\"720\" height=\"405\" src=\"http:\/\/www.zssgorkabusko.pl\/wp-content\/uploads\/2023\/07\/part_1686682716204.jpeg\" alt=\"\" class=\"wp-image-7671\" srcset=\"https:\/\/www.zssgorkabusko.pl\/wp-content\/uploads\/2023\/07\/part_1686682716204.jpeg 720w, https:\/\/www.zssgorkabusko.pl\/wp-content\/uploads\/2023\/07\/part_1686682716204-300x169.jpeg 300w\" sizes=\"auto, (max-width: 720px) 100vw, 720px\" \/><figcaption><strong><em>Religia &#8211; Bo\u017ce Cia\u0142o w obiektywie<\/em><\/strong><\/figcaption><\/figure>\n\n\n\n<figure class=\"wp-block-gallery has-nested-images columns-default is-cropped wp-block-gallery-4 is-layout-flex wp-block-gallery-is-layout-flex\">\n<figure class=\"wp-block-image size-large\"><img loading=\"lazy\" decoding=\"async\" width=\"551\" height=\"480\" data-id=\"7673\" src=\"http:\/\/www.zssgorkabusko.pl\/wp-content\/uploads\/2023\/07\/354267225_812426156898066_4759343060768608962_n.jpg\" alt=\"\" class=\"wp-image-7673\" srcset=\"https:\/\/www.zssgorkabusko.pl\/wp-content\/uploads\/2023\/07\/354267225_812426156898066_4759343060768608962_n.jpg 551w, https:\/\/www.zssgorkabusko.pl\/wp-content\/uploads\/2023\/07\/354267225_812426156898066_4759343060768608962_n-300x261.jpg 300w\" sizes=\"auto, (max-width: 551px) 100vw, 551px\" \/><\/figure>\n\n\n\n<figure class=\"wp-block-image size-large\"><img loading=\"lazy\" decoding=\"async\" width=\"595\" height=\"480\" data-id=\"7672\" src=\"http:\/\/www.zssgorkabusko.pl\/wp-content\/uploads\/2023\/07\/354141934_938820980561970_996099901842644178_n.jpg\" alt=\"\" class=\"wp-image-7672\" srcset=\"https:\/\/www.zssgorkabusko.pl\/wp-content\/uploads\/2023\/07\/354141934_938820980561970_996099901842644178_n.jpg 595w, https:\/\/www.zssgorkabusko.pl\/wp-content\/uploads\/2023\/07\/354141934_938820980561970_996099901842644178_n-300x242.jpg 300w\" sizes=\"auto, (max-width: 595px) 100vw, 595px\" \/><\/figure>\n<figcaption class=\"blocks-gallery-caption\"><strong><em>Ko\u0142o informatyczne Drukowanie modeli 3D.<\/em><\/strong><\/figcaption><\/figure>\n","protected":false},"excerpt":{"rendered":"<p>W czerwcu wykorzystywano aparat fotograficzny Canon do wykonywania zdj\u0119\u0107 z imprez i uroczysto\u015bci szkolnych: Dnia Dziecka, Dnia Ojca, akademii z zako\u0144czenia roku szkolnego. Dokumentowano zaj\u0119cia specjalnych grup wychowawczych, lekcji i konkurs\u00f3w szkolnych (zdj\u0119cia w zak\u0142adce aktualno\u015bci). Du\u017cym zainteresowaniem cieszy\u0142y si\u0119 zaj\u0119cia z wykorzystaniem klock\u00f3w lego oraz drukarki 3D.<\/p>\n","protected":false},"author":2,"featured_media":0,"parent":5942,"menu_order":-10,"comment_status":"closed","ping_status":"closed","template":"","meta":{"ngg_post_thumbnail":0,"footnotes":""},"class_list":["post-7676","page","type-page","status-publish"],"_links":{"self":[{"href":"https:\/\/www.zssgorkabusko.pl\/index.php\/wp-json\/wp\/v2\/pages\/7676","targetHints":{"allow":["GET"]}}],"collection":[{"href":"https:\/\/www.zssgorkabusko.pl\/index.php\/wp-json\/wp\/v2\/pages"}],"about":[{"href":"https:\/\/www.zssgorkabusko.pl\/index.php\/wp-json\/wp\/v2\/types\/page"}],"author":[{"embeddable":true,"href":"https:\/\/www.zssgorkabusko.pl\/index.php\/wp-json\/wp\/v2\/users\/2"}],"replies":[{"embeddable":true,"href":"https:\/\/www.zssgorkabusko.pl\/index.php\/wp-json\/wp\/v2\/comments?post=7676"}],"version-history":[{"count":2,"href":"https:\/\/www.zssgorkabusko.pl\/index.php\/wp-json\/wp\/v2\/pages\/7676\/revisions"}],"predecessor-version":[{"id":7678,"href":"https:\/\/www.zssgorkabusko.pl\/index.php\/wp-json\/wp\/v2\/pages\/7676\/revisions\/7678"}],"up":[{"embeddable":true,"href":"https:\/\/www.zssgorkabusko.pl\/index.php\/wp-json\/wp\/v2\/pages\/5942"}],"wp:attachment":[{"href":"https:\/\/www.zssgorkabusko.pl\/index.php\/wp-json\/wp\/v2\/media?parent=7676"}],"curies":[{"name":"wp","href":"https:\/\/api.w.org\/{rel}","templated":true}]}}